git of d(-9)?
5
Let n(t) = -t**2 - t + 1. Let c be n(0). What is the units digit of (3/5)/(-5*c/(-175))?
1
Let z(q) = 27*q**2 - 3*q + 1. Let y be z(2). Suppose 5*u = -2*i + 34 + y, -3*i + 2*u = -196. Suppose -v = v - i. What is the units digit of v?
3
Suppose 0 = 3*b + 2*a - 3*a - 20, 0 = -5*b + 4*a + 45. Suppose 0*g = b*w + 5*g - 2200, 4*g - 880 = -2*w. What is the units digit of ((-8)/20)/((-4)/w)?
4
Suppose 27*v - 17214 = 23205. What is the units digit of v?
7
Suppose 65621 = 106*p - 16105. What is the tens digit of p?
7
Let s(j) be the first derivative of j**3 + 17*j**2/2 - 53*j - 82. What is the units digit of s(7)?
3
Let u be (-10 + 8)*30/(-12). Suppose u*z = -4*r + 922, -r + 367 = z + z. What is the units digit of z?
2
Let t be 2482/17*(-2 - 2). Let o = -303 - 84. Let d = o - t. What is the units digit of d?
7
What is the hundreds digit of (12628/(-1))/((-22)/(-154)*14/(-5))?
5
Let z be 6*((-2)/4)/(-1). Suppose 0 = 122*q - 114*q - 2416. Suppose -3*j - 192 = -6*j + z*i, -5*j + q = i. What is the units digit of j?
1
Let s = -24664 - -40274. What is the units digit of s?
0
Suppose 0*l + 2*l - 5*w = -266, 2*l - w + 282 = 0. Let j = -92 - l. What is the units digit of j?
1
Let f = -23 - -32. Suppose -14 = -f*x + 11*x. Let h(i) = i**3 + 6*i**2 - 11*i - 15. What is the units digit of h(x)?
3
Let m = -32 - -36. Suppose -79 - 33 = -m*n. What is the units digit of (-105)/n*(-32)/6?
0
Suppose m - 9*m + 2008 = 0. Let g = 465 + m. What is the hundreds digit of g?
7
Let m(g) = 17613*g + 11. What is the thousands digit of m(2)?
5
Suppose -8*o + 12*o + 40552 = 0. Let v be o/(-22) + 2/11. Let p = -255 + v. What is the tens digit of p?
0
What is the thousands digit of ((-76644)/27 + 0)/(-2)*9?
2
Let g = -480 - -219. Let l = 116 - g. What is the units digit of l?
7
Suppose -239 = 7*n - 834. Suppose 2*z = 5*z. Suppose a - n = -z*a. What is the tens digit of a?
8
Suppose 2*x - 7*x + 72 = -2*k, 2*x - 5*k - 12 = 0. What is the tens digit of x/24*183 + -1 + 0?
2
Let j = -59 - -61. Suppose -2*o = -3*o + 4*y + 109, j*o - 2*y = 194. What is the units digit of -1*(-3 + 0) + o?
6
What is the hundreds digit of ((-509290)/(-15) + -2)/(-13 - (-205)/15)?
9
Let p(q) be the first derivative of 4*q**3 - 1/4*q**4 - 13/2*q**2 - 29 + 11*q. What is the tens digit of p(10)?
8
Suppose 3*p = 4*r + 6475, -24*p + 4320 = -22*p - r. What is the units digit of p?
1
Let f(d) = 3*d**2 + 3*d + 2. Let n be f(-2). Suppose -n = 4*q, -y + 4*q + 7 = -1. Let s = 23 - y. What is the units digit of s?
3
Let m = 271 - -6866. What is the units digit of m?
7
Let d be (-24)/(-132) + 31/11. Let z(w) = -w**3 - 11*w**2 - w - 8. Let g be z(-11). Suppose 0 = -g*h + 3, d*s - h + 35 = 4*s. What is the tens digit of s?
3
Suppose 35*b + 150*b = -64*b + 3675987. What is the tens digit of b?
6
Suppose 41*s + 163*s - 3655426 = 2819942. What is the ten thousands digit of s?
3
Let x be (2138/6)/(3/9) - -5. Suppose 3*d = -3*h + x, 8*h - 5 = 3*h. What is the tens digit of d?
5
Let l(z) = -10*z + 21*z - 79 - z**3 + z**2 - 62 - 13*z. Let c be l(0). What is the tens digit of c*(1 + 16/(-12)) - -2?
4
What is the hundreds digit of (20/(-40))/(1/(-14876))?
4
Let j(n) = n**3 + 6*n**2 - 7*n + 5. Let v be j(-7). Let u = v - 6. What is the units digit of 282/u*(-15)/((-315)/(-14))?
8
What is the hundreds digit of ((-14374)/(-12) + 4)/(35/(-42) + 1)?
2
Let s = 5444 - 4827. Let t = 1 - -3. Suppose -t*p + s - 133 = 0. What is the hundreds digit of p?
1
Suppose 0 = -h + 5*l + 1035, 0 = -h + 14*l - 12*l + 1047. Let n be 8/(-14)*70/(-10). Suppose 5*j - h = a, -1065 = -n*j - j - a. What is the tens digit of j?
1
Suppose 5*j = -h + 1642, 17*h = 22*h - 5*j - 8120. What is the hundreds digit of h?
6
Let x(y) = y**2 + 3*y + 4. Let k = 43 - 61. Let u be (42/k)/((-3)/(-9)). What is the tens digit of x(u)?
3
Let w be 18/12 + 1 + 815/(-2). What is the units digit of (-4)/(-30) - 167616/w?
4
Suppose -304*b + 2782709 + 13693179 = 0. What is the units digit of b?
7
Suppose -62952 = 16*n - 59*n. Suppose -4*x = -2*d - n, -x + 2*d = -d - 371. What is the hundreds digit of x?
3
Let r(u) = 5 + 12 + 4 + 8 - 3*u. Let y be r(12). Let w(o) = o**3 + 11*o**2 + 8*o + 17. What is the units digit of w(y)?
7
Let y(u) = 11*u**2 + 15*u - 150. What is the units digit of y(29)?
6
Let o(j) = 110*j**2 + 57*j + 321. What is the hundreds digit of o(-6)?
9
Let w = 22 + 11. Let x be -3*(-7)/(-14)*(1 - w). Suppose -3*g + 18 + x = 0. What is the units digit of g?
2
Suppose -y = 6*z - 7*z - 39830, 0 = -3*z + 21. What is the ten thousands digit of y?
3
Let y be (805/(-20))/(2*3/(-48)). Let a = 557 - y. What is the units digit of a?
5
Let f(a) = 2809*a**2 - 18*a - 42. What is the tens digit of f(-2)?
3
Let g(r) = 4*r**2 + 2*r + 50. Let w be g(10). Suppose -1793 = -3*p - 4*k - w, -5*p - 3*k = -2194. What is the units digit of p?
7
Let g be (2/((-16)/1676))/(5/(-30)). Let z = g + -648. What is the hundreds digit of z?
6
Let g(x) = -109*x + 1178. Let v be g(11). Suppose 70 = -r - 4*u, -3*r - 4*u - 103 = 75. Let z = v - r. What is the units digit of z?
3
Suppose -x + 5*v + 21 = 0, 5*x + 5*v - 17 - 178 = 0. Let m = -40 + x. Let o(h) = -2*h**3 - 2*h**2 + 4*h - 5. What is the tens digit of o(m)?
7
Suppose 239 + 509 = 4*a - 4*p, -5*a - p + 929 = 0. Let k(b) = -3*b**2 + 37*b - 36. Let h be k(11). Suppose -2*s + a = -h. What is the units digit of s?
7
Suppose 3*s = -11*d + 14*d + 204300, 0 = 4*d - 32. What is the hundreds digit of s?
1
Let c(s) = 18 + 2*s**3 - 40*s**2 + 0*s**3 + 12*s**2 - 23*s**2 + 20*s. What is the units digit of c(26)?
4
Let w(l) = -l**3 + 7*l**2 + 14*l - 14. Let m be w(9). Let n = m + 52. What is the hundreds digit of 97 + n*(-12)/(-8)?
1
Suppose -u - 201 + 193 = 0. What is the tens digit of 88/((-84)/(-10) + u)?
2
Suppose 5*x + 6 - 11 = 0, -5*x = -b - 5. Suppose 2*g - 2*w + 18 = -b*g, 5 = 5*w. What is the tens digit of 5*g/(-140) - 1695/(-21)?
8
Let v be 35483/35 + 8/(-10). Let h = v - 576. What is the hundreds digit of h?
4
Suppose 44568 = -68*a + 74*a. Suppose 0 = -15*n + a + 8217. What is the hundreds digit of n?
0
Let u(f) = f**3 + 12*f**2 - 14*f - 15. Let q be u(-13). Let k(y) = y**3 + y**2 - 2*y + 4. Let p be k(q). Suppose -p*w = -5 - 27. What is the units digit of w?
8
Suppose 0 = -32*a + 145*a - 5366335 - 5224251. What is the hundreds digit of a?
7
Let w be 3/(30/(-48) - -1). What is the units digit of w/(-12) + 2998/6?
9
Let t = 714 + -712. Let m(n) = 140*n**3 + 2*n**2 - 4*n - 1. What is the thousands digit of m(t)?
1
Suppose 0 = -2*n - 29*n - 0*n. Suppose -4*s = -n*s - 5540. What is the tens digit of s?
8
Suppose 27 = -6*a + 3*a + 3*k, -4*a = 4*k + 28. What is the tens digit of ((-4188)/(-18))/(a/(-24))?
9
Suppose 0 = -57*z + 79*z + 45*z - 3397838. What is the ten thousands digit of z?
5
Let p = 52661 + -35304. What is the ten thousands digit of p?
1
Suppose 0 = 27*v + 14*v - 2501. Let j = 1274 + v. What is the units digit of j?
5
Suppose 22*w - 1302 = 1008. Suppose 0 = -5*q + 4*g + 357, 4*q - 3*g - w = 180. What is the units digit of q?
9
Let y be (-176)/(-33)*2/(12/9). Let n = 44 - y. What is the units digit of n?
6
Let i = 6565 - 2168. What is the units digit of i?
7
Let d = -25 - -27. Suppose 3*a = q - 38, d*a = 11*q - 13*q + 44. What is the units digit of q?
6
Suppose -2 = 2*n + 3*g - 21, -28 = -4*n + 4*g. Suppose 0 = -2*c - 4*o + 42, 0 = 4*c - 4*o - 16 - n. Let z = c - -27. What is the units digit of z?
8
Suppose t + 9*t = 68280. Suppose 0 = -10*a - 2*a + t. What is the tens digit of a?
6
Let k = 47 + -42. Let q be (k + -4)*-3 - -8. Suppose 707 + 33 = q*n. What is the units digit of n?
8
Let h(p) = -p**3 + 46*p**2 + 45*p + 779. What is the tens digit of h(41)?
2
Suppose 2231*p - 2236*p = 2*n - 343883, 343919 = 5*p - 4*n. What is the thousands digit of p?
8
Let q(t) = -3*t - 6. Let a be q(-2). Let p be 4/(-14) - (a + (-88)/14). Suppose 131 = p*o - 97. What is the tens digit of o?
3
Suppose 7*y = 5*y + 516. Suppose 0*o = -o + 5*w + y, -4*o - 4*w = -960. What is the hundreds digit of o?
2
Let g = 517 + -521. Let w(x) be the first derivative of -3*x**2/2 + 25*x - 1. What is the tens digit of w(g)?
3
Suppose -1438*p = -1426*p - 478992. What is the ten thousands digit of p?
3
Suppose 5*c + 70 = -0*c. Let g be ((-2)/(-3))/(c/(-105)). Suppose 470 